Determine l(-9).
5
Let q(r) = r**3 - 42*r**2 - 3*r + 121. What is q(42)?
-5
Let x(p) = p - 8. Determine x(-6).
-14
Let d(p) = p**3 + 10*p**2 + 9. Determine d(-9).
90
Let r(i) = -12*i - 11. Determine r(-1).
1
Let p(t) = -3*t + 3. Give p(6).
-15
Let g(o) = -o**3 - 16*o**2 - 15*o + 12. Determine g(-15).
12
Let k(w) = 4*w + 23. Determine k(-6).
-1
Let a(p) = p**3 - 8*p**2 - p - 1. Determine a(8).
-9
Let c(z) = 3*z - 56. Calculate c(19).
1
Let y(i) = -2*i - 7. What is y(-8)?
9
Let b(n) = -2*n**2 - 11*n + 21. Determine b(-9).
-42
Let y(g) = -16*g**2. Determine y(-1).
-16
Let k(f) = f**2 + 10*f + 14. Determine k(-8).
-2
Let t(l) = l**3 + 16*l**2 + l - 14. Determine t(-16).
-30
Let q(l) = -l**3 - 5*l**2 - 15*l - 33. Determine q(-3).
-6
Let h(u) = -u**3 + 3*u**2 + 7*u - 15. Give h(3).
6
Let f(a) = a**2 + 17*a + 17. Determine f(-14).
-25
Let d(h) = h**3 - 9*h**2 + 10*h - 1. Calculate d(8).
15
Let w(x) = x**3 + 7*x**2 - 2. Determine w(-5).
48
Let t(d) = d**2 + 11*d - 21. Calculate t(-9).
-39
Let w(q) = -q**2 + 2*q + 3. Determine w(3).
0
Let k(n) = -n**3 + 4*n**2 - n - 4. Determine k(3).
2
Let z(k) = 29*k**3 - 3*k**2 + 2*k + 3. Determine z(-1).
-31
Let p(q) = -q**2 + 12*q - 9. Give p(4).
23
Let s(p) = 12*p + 3. Calculate s(2).
27
Let t(q) = -q**2 + 8*q + 4. Determine t(-5).
-61
Let i(f) = f**3 - f**2 - 5*f - 8. Give i(0).
-8
Let u(p) = p**2 - 4*p - 2. What is u(5)?
3
Let i(q) = -q**3 - 12*q**2 + 49*q + 35. Determine i(-15).
-25
Let c(z) = z**3 - 9*z**2 - z + 10. What is c(8)?
-62
Let k(x) = x**2 + 73*x + 464. Give k(-7).
2
Let d(m) = m**2 + 7*m - 138. Calculate d(-16).
6
Let u(z) = 3*z**3 - 3*z**2 - 5*z - 3. What is u(-1)?
-4
Let i(c) = c**3 - 21*c**2 + 24*c - 81. What is i(20)?
-1
Let u(r) = r**3 - 25*r**2 + 25*r - 17. What is u(24)?
7
Let h(c) = c**3 - 4*c**2 - c - 4. Calculate h(5).
16
Let i(k) = -k**3 + 7*k**2 + 2*k - 9. Give i(6).
39
Let j(d) = d**2 - 10*d + 2. Give j(8).
-14
Let b(k) = 8*k - 60. Calculate b(7).
-4
Let m(t) = 40*t + 9. Determine m(-2).
-71
Let c(v) = -v**3 + 17*v**2 - 35*v + 87. Give c(15).
12
Let g(a) = a**3 - 6*a**2 - 7*a - 1. Calculate g(7).
-1
Let x(h) = -8*h**2 - 2*h + 1. Calculate x(1).
-9
Let a(q) = -q**2 + 6*q - 1. Determine a(2).
7
Let h(z) = z**3 - 3*z + 6. Calculate h(0).
6
Let h(d) = -3*d**3 + 54*d**2 + 2*d - 43. Calculate h(18).
-7
Let y(o) = -o**2 + 13*o - 20. What is y(9)?
16
Let f(w) = 24*w + 10. What is f(-3)?
-62
Let n(j) = 30*j**3 - 4*j - 5. Calculate n(-1).
-31
Let k(o) = o + 32. Determine k(-10).
22
Let g(n) = -n**3 + 11*n**2 + 11*n + 14. Calculate g(12).
2
Let s(x) = -17*x - 4. What is s(-3)?
47
Let n(k) = 7*k + 32. Give n(-7).
-17
Let m(t) = -t**2 - 11*t - 32. Give m(-6).
-2
Let c(z) = 2*z**2 - z - 5. Determine c(-3).
16
Let t(i) = i**2 + 3*i - 6. Give t(5).
34
Let u(o) = -o**2 - 4*o + 435. Determine u(-23).
-2
Let z(m) = -m**2 - 9*m - 18. Give z(-9).
-18
Let g(p) = p**2 + 10*p + 22. What is g(-9)?
13
Let q(s) = 2*s**3 + 10*s**2 + 16*s + 50. What is q(-5)?
-30
Let l(h) = 2*h**2 + 43*h + 29. Determine l(-21).
8
Let a(i) = -22*i**3 - 2*i**2 - 2*i - 1. Calculate a(-1).
21
Let m(v) = v**3 - 7*v**2 + 17*v - 68. What is m(6)?
-2
Let o(k) = -3*k + 4. What is o(-6)?
22
Let v(f) = -6*f - 14. Determine v(-15).
76
Let q(u) = -2*u - 12. Give q(-15).
18
Let j(k) = 11*k + 18. Calculate j(3).
51
Let k(i) = 21*i**3 + i**2. Give k(1).
22
Let q(j) = -11*j - 86. Give q(-8).
2
Let s(o) = o**2 - 10*o + 4. Calculate s(8).
-12
Let v(j) = -j**2 + 22*j - 61. Calculate v(18).
11
Let c(q) = -8*q - 56. Determine c(-6).
-8
Let r(i) = -i**2 - 14*i - 31. Give r(-9).
14
Let y(v) = v**2 - 49*v + 171. What is y(4)?
-9
Let t(n) = -n**3 + 24*n**2 - 63*n + 12. Determine t(21).
12
Let m(i) = 22*i + 179. Calculate m(-8).
3
Let r(g) = -10*g - 1. What is r(5)?
-51
Let b(v) = v**2 + 6*v + 5. What is b(-6)?
5
Let h(p) = 2*p**3 + 12*p**2 - 11*p + 13. Calculate h(-7).
-8
Let d(q) = -q**3 - 7*q**2 + 13*q + 6. Determine d(-8).
-34
Let y(d) = -3*d + 25. Give y(8).
1
Let y(d) = -4*d + 100. Determine y(22).
12
Let c(g) = -2*g**2 + 2*g + 148. Give c(-8).
4
Let y(c) = 2*c - 12. What is y(5)?
-2
Let y(j) = j**3 - 2*j**2 - 16*j + 9. What is y(5)?
4
Let x(o) = -o**2 + 9*o - 16. What is x(7)?
-2
Let j(m) = m**3 + 5*m**2 - 20*m - 5. Give j(3).
7
Let w(j) = -4*j + 45. What is w(13)?
-7
Let a(x) = 18*x + 1. Determine a(1).
19
Let b(z) = -14*z**3 - 2*z**2 - 4*z - 2. What is b(-1)?
14
Let p(l) = l**3 + 9*l**2 - 6*l - 4. Give p(-9).
50
Let f(t) = 10*t + 10. What is f(5)?
60
Let p(r) = -3*r**3 - 15*r**2 + 8*r + 39. Give p(-5).
-1
Let o(l) = l**3 - 6*l**2 + 12*l + 14. Give o(6).
86
Let u(c) = 2*c**2 - 4*c - 1. Calculate u(2).
-1
Let f(l) = l**3 + 6*l**2 + 8*l - 1. Calculate f(-3).
2
Let a(d) = -5*d**3 + d**2 + 2*d - 1. Give a(2).
-33
Let r(q) = q**2 - 16*q + 59. What is r(9)?
-4
Let i(c) = 21*c - 88. Give i(4).
-4
Let s(x) = 2*x**2 + 11*x - 1. Determine s(-8).
39
Let g(n) = -n**3 + 3*n**2 + 2*n + 2. What is g(4)?
-6
Let l(d) = d**3 + 6*d**2 + 2*d + 7. Give l(-5).
22
Let s(z) = -z**2 - 60*z - 421. Give s(-8).
-5
Let r(j) = -5*j - 48. Determine r(-8).
-8
Let t(a) = -a**3 - 4*a**2 + 8*a + 12. Give t(-5).
-3
Let k(t) = -3*t - 1. Determine k(-5).
14
Let x(t) = -t**3 + 5*t**2 - 7. What is x(3)?
11
Let r(c) = c**3 - 17*c**2 - 42*c + 26. What is r(19)?
-50
Let v(z) = z + 12. Calculate v(6).
18
Let y(s) = s**2 + 16*s - 190. What is y(-24)?
2
Let u(i) = -i**2 - 10*i + 34. Give u(-12).
10
Let i(s) = -s - 17. What is i(4)?
-21
Let w(q) = q**2 + 8*q - 10. What is w(-9)?
-1
Let p(o) = -o**3 - o**2 + 2*o + 2. Determine p(-3).
14
Let l(j) = -j**3 + j**2 + 3*j + 1. Determine l(3).
-8
Let k(q) = q - 28. Calculate k(-6).
-34
Let h(g) = 8*g + 148. Determine h(-18).
4
Let h(n) = -2*n**2 - 84*n - 239. Calculate h(-3).
-5
Let p(r) = -21*r**2. What is p(1)?
-21
Let v(p) = -p**3 - 28*p**2 + 92*p - 7. Give v(-31).
24
Let t(y) = y**3 + 10*y**2 - 34*y - 103. What is t(-12)?
17
Let w(x) = -x**3 - 4*x**2 + x + 7. Determine w(-5).
27
Let f(v) = v**3 + v**2 + v + 31. Calculate f(0).
31
Let o(a) = -3*a + 33. What is o(13)?
-6
Let d(m) = -m**2 + 13*m + 49. What is d(-6)?
-65
Let y(l) = -8*l**2 + 2*l - 2. Determine y(3).
-68
Let a(o) = 3*o**2 + o - 11. Give a(6).
103
Let q(k) = -2*k + 8. Calculate q(3).
2
Let h(k) = -5*k + 6. Determine h(-6).
36
Let g(d) = 2*d**2 + 19*d - 90. Determine g(-13).
1
Let z(y) = -y**3 + 13*y**2 + 13*y + 8. Give z(14).
-6
Let b(w) = w**2 + 16*w + 24. What is b(-15)?
9
Let p(t) = -4*t**2 + 6*t - 8. Calculate p(3).
-26
Let q(c) = -c**2 - 8*c + 35. Give q(3).
2
Let o(a) = -40*a - 242. Give o(-6).
-2
Let x(r) = 3*r + 31. Calculate x(-11).
-2
Let x(o) = -9*o - 52. Calculate x(-4).
-16
Let b(z) = 3*z**3 + 19*z**2 - 13*z + 5. Calculate b(-7).
-2
Let m(a) = 3*a + 44. Give m(-13).
5
Let p(v) = v**3 + 13*v**2 - 13*v + 10. Calculate p(-14).
-4
Let v(b) = -b**3 - 12*b**2 + 10*b - 19. Determine v(-12).
-139
Let b(j) = j**2 + 17*j - 194. What is b(-25)?
6
Let c(o) = o**2 + 8*o - 10. Give c(-12).
38
Let g(z) = -z**3 + 5*z**2 - 24*z + 80. Calculate g(4).
0
Let g(a) = 26*a + 8. Determine g(4).
112
Let b(s) = -76*s - 1225. Calculate b(-16).
-9
Let f(b) = -b**3 - 15*b**2 + 18*b + 22. Calculate f(-16).
-10
Let z(v) = -v**3 + 3*v**2 + 19*v - 39. Determine z(5).
6
Let h(g) = 7*g - 27. Calculate h(-8).
-83
Let y(m) = -m**2 - m - 22. Determine y(0).
-22
Let b(o) = 5*o**3 + o**2 - 1. Calculate b(-1).
-5
Let d(k) = -k**3 - 7*k**2 - 6*k - 1. Calculate d(-6).
-1
Let r(j) = -j**2 + 2*j - 2. What is r(-3)?
-17
Let s(u) = u**2 + 3*u - 2. What is s(-4)?
2
Let k(h) = 2*h**2 - h - 5. What is k(3)?
10
Let i(y) = 99*y**2 + 5*y - 2. Calculate i(1).
102
Let r(n) = n**3 - 16*n**2 + 9*n - 17. Determine r(15).
-107
Let w(f) = f**2 - 13*f + 43. Give w(6).
1
Let c(t) = -6*t - 26. What is c(-5)?
4
Let y(g) = -g**3 - 23*g**2 + g + 18. Calculate y(-23).
-5
Let c(n) = n**3 + 22*n**2 - 3*n - 46. Give c(-22).
20
Let t(o) = -o**3 - 6*o**2 + 8*o + 5. Determine t(-6).
-43
Let s(u) = -5*u - 2. What is s(7)?
-37
Let p(s) = -6*s + 2. Calculate p(-2).
14
Let h(w) = w**2 - w + 28. Determine h(5).
48
Let v(q) = q**2 + 12*q + 20. Give v(-10).
0
Let j(n) = -17*n - 3. Calculate j(-2).
31
Let b(x) = x**3 - 9*x**2 + 6*x + 5. What is b(7)?
-51
Let x(a) = a**2 - 9*a + 7. What is x(6)?
-11
Let g(i) = -4*i + 104. Determine g(27).
-4
Let y(c) 